{"id":18,"date":"2019-10-27T10:27:17","date_gmt":"2019-10-27T09:27:17","guid":{"rendered":"http:\/\/192.168.2.69\/wordpress\/?page_id=18"},"modified":"2021-03-29T08:07:26","modified_gmt":"2021-03-29T06:07:26","slug":"publications","status":"publish","type":"page","link":"https:\/\/sarahantier.eu\/index.php\/publications\/","title":{"rendered":"Publications"},"content":{"rendered":"\n<ul><li><a href=\"https:\/\/arxiv.org\/abs\/2010.10746\"><strong>Comparing inclination dependent analyses of kilonova transients<\/strong><\/a>, MNRAS, 502, 3057., Heinzel J., Coughlin M. W., Dietrich T., Bulla M., S.Antier, Christensen N., Coulter D.~A., et al., April 2021<\/li><\/ul>\n\n\n\n<ul><li><a href=\"https:\/\/arxiv.org\/abs\/2007.06057\"><strong>On the nature of GW190814 and its impact on the understanding of supranuclear matter<\/strong><\/a>, Tews I., Pang P. T. H., Dietrich T., Coughlin M.~W., S. Antier, Bulla M., Heinzel J., et al., ApJL, 908, L1., doi:10.3847\/2041-8213\/abdaae, February 2021<\/li><\/ul>\n\n\n\n<ul><li><a href=\"https:\/\/science.sciencemag.org\/content\/370\/6523\/1450\/tab-pdf\"><strong>Multimessenger constraints on the neutron-star equation of state and the Hubble constant<\/strong><\/a>, T. Dietrich, M. W. Coughlin, \u2026 S. Antier, et al.,  Sci, 370, 1450. doi:10.1126\/science.abb4317, Dec 2020<\/li><\/ul>\n\n\n\n<ul><li><a href=\"https:\/\/www.nature.com\/articles\/s41467-020-17998-5\"><strong>Measuring the Hubble constant with a sample of kilonovae<\/strong><\/a>, M. W. Coughlin, S. Antier, T. Dietrich, R. J. Foley, J. Heinzel, M. Bulla, N. Christensen, et al.., Nat Commun 11, 4129., https:\/\/doi.org\/10.1038\/s41467-020-17998-5, August 2020<\/li><\/ul>\n\n\n\n<ul><li><strong><a href=\"https:\/\/academic.oup.com\/mnras\/article\/497\/1\/1181\/5867788\">Implications of the search for optical counterparts during the second part of the Advanced LIGO&#8217;s and Advanced Virgo&#8217;s third observing run: lessons learned for future follow-up observations<\/a><\/strong>, M. W. Coughlin, T. Dietrich, S. Antier et al., , MNRAS, Volume 497, Issue 1, Pages 1181\u20131196, https:\/\/doi.org\/10.1093\/mnras\/staa1925, September 2020<\/li><\/ul>\n\n\n\n<ul><li><a href=\"https:\/\/arxiv.org\/abs\/2004.04277\"><strong>GRANDMA Observations of Advanced LIGO&#8217;s and Advanced Virgo&#8217;s Third Observational Campaign<\/strong><\/a>,  S. Antier et al., MNRAS, june 2020<\/li><\/ul>\n\n\n\n<ul><li><a href=\"https:\/\/arxiv.org\/abs\/2001.03424\"><strong>Vetting the optical transient candidates detected by the GWAC network using convolutional neural networks<\/strong><\/a>,  Damien Turpin, M. Ganet, S. Antier et al., MNRAS, Volume 497, Issue 3, Pages 2641\u20132650, July 2020<\/li><\/ul>\n\n\n\n<ul><li><a href=\"https:\/\/arxiv.org\/abs\/1910.11246\"><strong>Implications of the search for optical counterparts during the first six months of the Advanced LIGO&#8217;s and Advanced Virgo&#8217;s third observing run: possible limits on the ejecta mass and binary properties<\/strong><\/a>, M. W. Coughlin, T. Dietrich, S. Antier et al., MNRAS, Oct 2019<\/li><\/ul>\n\n\n\n<ul><li><a href=\"https:\/\/arxiv.org\/abs\/1910.11261\"><strong>The first six months of the Advanced LIGO&#8217;s and Advanced Virgo&#8217;s third observing run with GRANDMA<\/strong><\/a>., MNRAS, S.Antier et al., Aug 2019<\/li><\/ul>\n\n\n\n<ul><li><strong><a href=\"https:\/\/arxiv.org\/abs\/1909.10002\">Detection of gamma-ray transients with wild binary segmentation<\/a><\/strong>, S. Antier, K. Barynova, P. Fryzlewicz et al., MNRAS, Accepted, Janv 2020<\/li><\/ul>\n\n\n\n<ul><li><a href=\"https:\/\/arxiv.org\/abs\/1908.00889\"><strong>Using kilonovae as standard candles to measure the Hubble Constant<\/strong><\/a>, M. W. Coughlin, T. Dietrich, J. Heinzel, N. Khetan, S. Antier et al., PRL, August 2019<\/li><\/ul>\n\n\n\n<ul><li><a href=\"https:\/\/academic.oup.com\/mnras\/article-abstract\/489\/4\/5775\/5565053?redirectedFrom=fulltext\"><strong>Optimizing Multi-Telescope Observations of Gravitational-Wave Counterparts<\/strong><\/a>, M. W. Coughlin, S. Antier et al., MNRAS,  Volume 489, Issue 4, November 2019, pages 5775\u20135783 <\/li><\/ul>\n\n\n\n<ul><li><a href=\"https:\/\/journals.aps.org\/prx\/abstract\/10.1103\/PhysRevX.9.031040\"><strong>GWTC-1: A Gravitational-Wave Transient Catalog of Compact Binary Mergers Observed by LIGO and Virgo during the First and Second Observing Runs<\/strong><\/a>, B. P. Abbott, R. Abbott, T. D. Abbott, et al. ., Phys. Rev. X&nbsp;9, 031040, Sept 2019<\/li><\/ul>\n\n\n\n<ul><li><a href=\"https:\/\/arxiv.org\/abs\/1902.08476\"><strong>The GWAC optical follow-up of the gravitational wave alerts. Results from the O2 campaign and prospects for the upcoming O3 run<\/strong><\/a>, D. Turpin, C.Wu, X.H. Han, L.P. Xin, S. Antier et al., RAA, August 2019<\/li><\/ul>\n\n\n\n<ul><li><strong><a href=\"https:\/\/iopscience.iop.org\/article\/10.3847\/1538-4357\/ab0e8f\">Low Latency gravitational waves alerts for multi-messenger astronomy during the second Advanced LIGO-Virgo run<\/a><\/strong>, B. P. Abbott, R. Abbott, T. D. Abbott et al., Astrophysical Journal, 875 (2), Janv 2019 <\/li><\/ul>\n\n\n\n<ul><li><a href=\"https:\/\/iopscience.iop.org\/article\/10.3847\/2041-8213\/aa91c9\/meta\"><strong>Multimessenger Observations of a Binary Neutron Star Merger<\/strong><\/a>, Astrophysical Journal, B. P. Abbott, R. Abbott, T. D. Abbott et al., 848:L12, October 2017. <\/li><\/ul>\n\n\n\n<ul><li><a href=\"https:\/\/iopscience.iop.org\/article\/10.3847\/2041-8213\/aa9478\"><strong>Estimating the Contribution of Dynamical Ejecta in the Kilonova Associated with GW170817<\/strong><\/a>, B. P. Abbott, R. Abbott, T. D. Abbott, et al., 850:L39, December 2017 <\/li><\/ul>\n\n\n\n<ul><li><a href=\"https:\/\/link.springer.com\/article\/10.1007\/s10686-017-9551-4\"><strong>GW170817 : Observation of Gravitational Waves from a Binary Neutron Star Inspiral<\/strong><\/a>, B. P. Abbott, R. Abbott, T. D. Abbott et al., Physical Review Letters, 119(16):161101, October 2017<\/li><\/ul>\n\n\n\n<ul><li><a href=\"https:\/\/journals.aps.org\/prl\/abstract\/10.1103\/PhysRevLett.119.141101\"><strong>GW170814 : A Three-Detector Observation of Gravitational Waves from a Binary Black Hole Coalescence<\/strong><\/a>, Physical Review Letters B. P. Abbott, R. Abbott, T. D. Abbott et al., 119(14):141101, October 2017<\/li><\/ul>\n\n\n\n<ul><li><strong><a href=\"https:\/\/link.springer.com\/article\/10.1007\/s10686-017-9551-4\">Scientific prospects for spectroscopy of the gamma-ray burst prompt emission with SVOM<\/a><\/strong>, Experimental Astronomy M. G. Bernardini, F. Xie, P. Sizun, et al., 44 :113\u2013127, October 2017<\/li><\/ul>\n\n\n\n<ul><li><a href=\"https:\/\/tel.archives-ouvertes.fr\/tel-01456239\/\"><strong>La d\u00e9tection des sursauts gamma par le t\u00e9lescope ECLAIRs pour la mission spatiale SVOM, Th\u00e8se, Nov 2016 <\/strong><\/a> Thesis, S.Antier <\/li><\/ul>\n\n\n\n<ul><li><a href=\"http:\/\/inspirehep.net\/record\/1366147\/references\"><strong>Hard X-ray polarimetry with Caliste, a high performance CdTe based imaging spectrometer<\/strong><\/a>, S. Antier, P. Ferrando, O. Limousin et al, Experimental Astronomy, 39 :233\u2013258, June 2015<\/li><\/ul>\n\n\n\n<ul><li><a href=\"https:\/\/www.sciencedirect.com\/science\/article\/pii\/S0168900214015459\"><strong>Fine pitch CdTe-based hard-X-ray polarimeter performance for space science in the 70-300 keV energy range<\/strong><\/a>, S.<strong> <\/strong>Antier, O. Limousin, and P. Ferrando., Nuclear Instruments and Methods in Physics Research A, 787 :297\u2013301, July 2015<\/li><\/ul>\n\n\n\n<ul><li><a href=\"https:\/\/arxiv.org\/abs\/1508.05505\"><strong>Simulations of GRB detections with the ECLAIRs telescope onboard the future SVOM mission<\/strong><\/a>, S. Antier, S. Schanne, B. Cordier, et al. In Proceedings of Swift: 10 Years of Discovery (SWIFT 10), held 2-5 December 2014 at La Sapienza University, Rome, Italy.  <\/li><\/ul>\n\n\n\n<ul><li><a href=\"https:\/\/arxiv.org\/abs\/1408.4121\"><strong>GRB 140206A: the most distant polarized gamma-ray burst<\/strong><\/a>, D. G\u00f6tz, P. Laurent, S. Antier, S. Covino, P. D\u2019Avanzo, V. D\u2019Elia, and A. Melandri., 444 :2776\u20132782, November 2014<\/li><\/ul>\n\n\n\n<p><\/p>\n","protected":false},"excerpt":{"rendered":"<p>Comparing inclination dependent analyses of kilonova transients, MNRAS, 502, 3057., Heinzel J., Coughlin M. W., Dietrich T., Bulla M., S.Antier, Christensen N., Coulter D.~A., et al., April 2021 On the nature of GW190814 and its impact on the understanding of supranuclear matter, Tews I., Pang P. T. H., Dietrich T., [&hellip;]<\/p>\n","protected":false},"author":1,"featured_media":0,"parent":0,"menu_order":0,"comment_status":"closed","ping_status":"closed","template":"","meta":{"footnotes":""},"_links":{"self":[{"href":"https:\/\/sarahantier.eu\/index.php\/wp-json\/wp\/v2\/pages\/18"}],"collection":[{"href":"https:\/\/sarahantier.eu\/index.php\/wp-json\/wp\/v2\/pages"}],"about":[{"href":"https:\/\/sarahantier.eu\/index.php\/wp-json\/wp\/v2\/types\/page"}],"author":[{"embeddable":true,"href":"https:\/\/sarahantier.eu\/index.php\/wp-json\/wp\/v2\/users\/1"}],"replies":[{"embeddable":true,"href":"https:\/\/sarahantier.eu\/index.php\/wp-json\/wp\/v2\/comments?post=18"}],"version-history":[{"count":10,"href":"https:\/\/sarahantier.eu\/index.php\/wp-json\/wp\/v2\/pages\/18\/revisions"}],"predecessor-version":[{"id":264,"href":"https:\/\/sarahantier.eu\/index.php\/wp-json\/wp\/v2\/pages\/18\/revisions\/264"}],"wp:attachment":[{"href":"https:\/\/sarahantier.eu\/index.php\/wp-json\/wp\/v2\/media?parent=18"}],"curies":[{"name":"wp","href":"https:\/\/api.w.org\/{rel}","templated":true}]}}